tens digit of r(-2)?
0
Let s = -9037 - -11714. What is the units digit of s?
7
Let w(o) = 218*o**2 - 76*o - 398. What is the hundreds digit of w(-5)?
4
Let z(b) = -b**3 - 6*b**2 - 4*b - 9. Let g be z(-4). Let i = g - -25. Suppose i = 4*u + 8, -5*o - 18 + 152 = 3*u. What is the units digit of o?
8
Let s(i) = -10078*i**3 + i**2 - 3*i - 5. What is the hundreds digit of s(-1)?
0
Let l(v) = -216*v - 7. Let i be l(-2). Suppose -2*a + 437 = 12*d - 11*d, 0 = -d + a + i. What is the hundreds digit of d?
4
Suppose -10*d - 2*d + 11388 = 0. Suppose -2*x + d = -815. What is the units digit of x?
2
What is the tens digit of -263*6/(3 - 9)?
6
Suppose -178*v + 202*v = 3768. Suppose 2 = -s + 6. Suppose s*o - 191 = v. What is the units digit of o?
7
Let f(m) = 283*m - 102. What is the thousands digit of f(7)?
1
Let u(a) = -83*a - 1107. What is the units digit of u(-72)?
9
Let y be 32/112 - (-6962)/(-14). What is the units digit of (6/7)/(-1 + (-498)/y)?
6
Let m = -3028 - -13488. What is the ten thousands digit of m?
1
Suppose -13*z - 3430 = -48*z. Let s = 398 - z. What is the hundreds digit of s?
3
Let z(o) = o**3 + 11*o**2 + 14*o + 15. What is the thousands digit of z(13)?
4
Let q(z) = 60*z**2 - 23*z + 29. What is the tens digit of q(2)?
2
Let l(m) = m**3 + 14*m**2 + 6*m - 8. Let g = 36 + -49. Let u be l(g). Suppose 4*y - 357 - u = 0. What is the hundreds digit of y?
1
Let v be 134/8 - (-12)/(-16). Suppose -8*j = v*j - 6504. What is the hundreds digit of j?
2
Let s be 1518*((-6)/18 - -1). Suppose 0 = 2*i + 4*m - s, m = -3*i - 399 + 1902. What is the units digit of i?
0
Let j(l) = 7*l + 27. Let i(k) = k**2 + 7*k - 1. Let n be i(-7). Let g be 16/(-3)*-3 + n*1. What is the hundreds digit of j(g)?
1
Suppose -3*m - 29 = 5*u, -4*m + 12 = -5*u + 4. Let z be (228 + (1 - 3))*(2 + m). Let j = -123 - z. What is the hundreds digit of j?
1
Let i = 31330 - 21906. What is the thousands digit of i?
9
Suppose -4*t - 1894344 = -106*t. What is the thousands digit of t?
8
Let v(m) = 148*m**2 + 31*m - 214. What is the units digit of v(12)?
0
Let h(k) = -k**2 - 18*k - 17. Let p be h(-15). Suppose 2*x - 5 = 43. What is the tens digit of 8*(p/(-10))/(x/(-105))?
9
Suppose 21*a - 24*a - 240 = 0. Let x = a - -84. Suppose -994 = -x*l + 3*p - p, 4*p - 1275 = -5*l. What is the units digit of l?
1
Let c be (15/(-20))/((-2)/(-8)). What is the units digit of c + 147 + (-5)/1?
9
Suppose -56126 = -2*u - 2*i, -5*u + i + 164398 = 24083. What is the hundreds digit of u?
0
Suppose 3*m - 3 = -w + 4*w, -3*w - 8 = 2*m. What is the units digit of (m - 1337)*(-21)/42?
9
Let f = 2704 + -1003. Let z = -707 + f. What is the units digit of z?
4
Suppose -6*f - 4767 = -13*f. Suppose 4*d - 1148 = -5*v, -f = -8*v + 5*v - 5*d. What is the tens digit of v?
3
Let d(s) = -181*s + 4. Let k(m) = -m**3 - 12*m**2 - 9*m + 21. Let z be k(-11). Let f be d(z). Suppose -3*o + f = -202. What is the hundreds digit of o?
1
Let g(d) = -11*d + 30 + 30 - 47. Let a be g(2). What is the units digit of (-812)/a + ((-40)/36)/5?
0
Let k be -5 - (3 - 7278/6). Suppose 4*d + 5*y - k = 0, -3*d - 2*y + 847 = -48. What is the units digit of d?
5
Let w = -57 - -57. Suppose w = b + 3*z - 19, -2*b = -0*b + 4*z - 30. Let k(v) = -v**3 + 7*v**2 + 8*v + 7. What is the units digit of k(b)?
3
Let y be 524/2 + -78 + 78. Let f(p) = 2*p**3 + 3*p**2 - p - 2. Let z be f(3). Suppose -z = 6*s - y. What is the units digit of s?
1
Let n = -599 + 849. Suppose -n + 5150 = 25*i. What is the hundreds digit of i?
1
Let t = -26691 - -43128. What is the units digit of t?
7
Let f = -1366 - -81876. What is the hundreds digit of f?
5
Let p(f) = f**2 - 3*f - 2. Let x be p(4). Suppose 14*k - k - 2*k = -132. What is the hundreds digit of (-1986)/k - 1/x?
1
Suppose 30 = 5*t + 3*b, 5*b - 4*b = -4*t + 24. Suppose 4*n - 19 = -x, t*x + 4*n - 47 = x. Suppose x*y - 26 = 37. What is the units digit of y?
9
Let q(n) = 339*n**2 - 91*n - 1053. What is the ten thousands digit of q(-11)?
4
Suppose -5*q = -94 + 4. Let n(x) = x**3 - 19*x**2 + 17*x + 21. Let t be n(q). Suppose 0 = t*g - g - w - 78, -2*w + 148 = 4*g. What is the tens digit of g?
3
Let d = -48 - -53. Suppose -2*a = n - 159, -d*n - 2*a - 2*a + 783 = 0. What is the hundreds digit of n?
1
Suppose z + 11 - 37 = -3*m, -4*m + 46 = 2*z. Suppose 4*v - 3*q = z, 3 = -4*q + 7. Suppose 3*a - 2*a = v*x - 8, 3*a + 4*x - 33 = 0. What is the units digit of a?
7
Suppose -13*d + 62952 + 27164 = 0. What is the units digit of d?
2
Suppose 59*k - 2884506 = -262*k. What is the units digit of k?
6
Let d(y) = 50*y**2 + y + 2. Suppose -o + 10 = 5*v, 0 = 4*o + o - 25. What is the tens digit of d(v)?
5
Suppose -2*o + 3454 = -u, 0 = -4*o - 4*u - 0*u + 6884. Suppose -5*x - v = -o, -x - v + 329 = -4*v. What is the units digit of x?
4
Let d = -12960 - -15221. What is the tens digit of d?
6
Let l = -48858 + 129353. What is the thousands digit of l?
0
Let o be (-3)/(-2 - (-17)/9). Suppose -2*v - 5*l - 14 = -l, 5*v = -2*l - o. What is the hundreds digit of v/(0 + 2/(-74))?
1
Let l = 76367 + -22276. What is the thousands digit of l?
4
Let b be ((-12)/(-30))/(2/18310). Let k = b - 1987. What is the units digit of k?
5
Suppose 2*d - 2 - 8 = 4*s, -3*d + 4*s = -9. What is the tens digit of d - 3/((-3)/332)?
3
Let t be (130/25 - 5) + 48/(-15). What is the tens digit of (-2 - -284) + (6 - (t - -6))?
8
Let u = -27 + 54. Let k be (-1250)/(-45) + 6/u. Suppose 17*t = 13*t + k. What is the units digit of t?
7
Let j be (-2)/3*(-291)/2. Suppose -j - 11 = -g. Suppose -3*v + 9 + g = 0. What is the units digit of v?
9
What is the tens digit of (-5)/(-4) + 185589558/2632?
1
Let l = 2 - 8. Let d(y) be the second derivative of y**4/4 - y**3/6 + y**2 + 931*y. What is the tens digit of d(l)?
1
What is the thousands digit of (-78)/78*655618/(-18) + 2/(-9)?
6
Suppose -56*h - 56*h + 509964 = -100*h. What is the hundreds digit of h?
4
Let v = 47899 - 28216. What is the units digit of v?
3
Suppose -19*x = -23098 - 127382. What is the hundreds digit of x?
9
Let w = -146 - -541. Let b = 198 - w. Let d = -119 - b. What is the tens digit of d?
7
Let s(c) = -7*c**3 + 9*c + 11. Let f = 16 - 20. Let q be s(f). Suppose -3*a = -2*w - q, -w + 6*w + 700 = 5*a. What is the hundreds digit of a?
1
Let h be (-258 + 1)*(-7 + -8 + 17). What is the hundreds digit of 42/18 - (-2)/3 - h?
5
Let g be 3/9*3*-931. Let n = -556 - g. What is the tens digit of n?
7
Let x = 16 - -671. Let c be -3*(x/(-9) + 0). Let t = c - 144. What is the tens digit of t?
8
Let c(z) = 7*z - 24. Suppose -1044 = 2*s + 7*s. Let r = -103 - s. What is the tens digit of c(r)?
6
Let q(p) = -3*p**2 + 971*p - 144. What is the ten thousands digit of q(32)?
2
Let j be ((2 - 4)/2)/(2/(-586)). Let k = 524 - j. What is the tens digit of k?
3
Suppose 0 = -58*d - 83*d + 591354. What is the hundreds digit of d?
1
Let i(f) = f**3 - 6*f**2 - 7*f + 4. Let s(a) = -7*a - 35. Let m be s(-6). Let t be i(m). What is the units digit of 174/t + 1/(8/4)?
4
Let b = -451 - -667. Suppose -3*k + b = 204. What is the units digit of k?
4
Let p be (2/3 + 6 + -6)*-6. Let c be (-66)/(-15) + p + 866/10. Let d = 225 - c. What is the hundreds digit of d?
1
Let z(b) = 6*b**3 - 13*b**2 + 29*b + 10. What is the tens digit of z(10)?
0
Suppose -9*u + 276 = -354. What is the units digit of 5/(u/(-576))*(-42 + 35)?
8
Suppose 144*z = 141*z + 915. Suppose -z = -3*o + 2995. What is the units digit of o?
0
Let i(j) = 103*j + 192. Let s(f) = f**3 + 10*f**2 - f - 1. Let x be s(-10). What is the thousands digit of i(x)?
1
Suppose k = -2*h - 5, 0 = h + 4*k + 7 - 22. What is the tens digit of 685 - 6*h/10?
8
Let n(s) = 660*s + 91. Let c be n(-8). What is the units digit of (-6)/(-16) + (-11)/(88/c)?
9
Suppose -30666 - 24710 = -108*l + 29188. What is the tens digit of l?
8
Let m = 48 + -47. Suppose 1 = -w + m. Suppose w = -3*q + 3*r + 81, -q + 2*r = -3*q + 74. What is the units digit of q?
2
Let y = 51221 - 32597. What is the thousands digit of y?
8
Suppose 6*v + 2*q = 2*v - 16, 24 = -2*v - 5*q. Suppose 4*m = -5*o + 470, 4*m - m - 181 = -2*o. What is the units digit of (v + o)*1*1/2?
8
Suppose 0 = -10*q - 0*q + 40. Suppose -2*t + 942 - 199 = f, q*t = -3*f + 1487. What is the hundreds digit of t?
3
Suppose 7*v - 4*v = 4*o - 41815, -3*o + 5*v + 31375 = 0. Suppose -13*d + o = 9*d